ulate q(-21).
-54
Let q(h) = 2067*h - 20626. Give q(10).
44
Let d(u) = -3393*u - 84821. Determine d(-25).
4
Let m(q) = -4*q**2 - 96*q - 5. Calculate m(-24).
-5
Let s(n) = -16*n - 483. Determine s(-27).
-51
Let d(k) = -k**2 - 120*k - 123. Give d(-119).
-4
Let a(j) = 9*j**3 + 33*j**2 - 124*j + 8. Give a(-6).
-4
Let a(y) = -1477*y + 2991. Give a(2).
37
Let n(p) = -3*p**3 - 5*p**2 + 16*p + 11. Give n(-4).
59
Let k(u) = 15*u**2 - 48*u - 136. Determine k(5).
-1
Let x(u) = -7*u**2 + 84*u - 72. Give x(11).
5
Let q(y) = 15*y**3 + 3*y**2 - 78*y - 157. Calculate q(-2).
-109
Let n(z) = 620*z**3 - 29*z**2 + 28*z + 1. Give n(1).
620
Let g(t) = -t**2 + 40*t + 372. Determine g(48).
-12
Let z(y) = -240*y - 1925. What is z(-8)?
-5
Let g(n) = n**3 - 14*n**2 - 37*n + 106. Give g(16).
26
Let v(k) = k**3 - 48*k**2 + 27*k - 3735. Give v(49).
-11
Let n(i) = i**3 + 6*i**2 + 43*i + 178. Give n(-5).
-12
Let r(l) = 25*l + 179. What is r(-6)?
29
Let n(y) = -2*y**2 - 340*y - 6000. Calculate n(-20).
0
Let d(h) = 220*h - 5590. Give d(25).
-90
Let l(t) = -3*t**2 - 56*t - 51. Determine l(-1).
2
Let k(t) = -13*t**2 - 174*t - 23. Determine k(-12).
193
Let f(b) = -118*b + 3465. Determine f(29).
43
Let x(v) = v - 94. Calculate x(47).
-47
Let m(k) = -k**3 - 2*k**2 - k + 35. What is m(0)?
35
Let g(r) = -945*r - 72779. Calculate g(-77).
-14
Let r(k) = -2*k**3 - 112*k**2 + 103*k - 619. What is r(-57)?
8
Let g(j) = -22*j - 278. What is g(-10)?
-58
Let c(i) = -3*i**2 + 3018*i + 3018. Determine c(-1).
-3
Let x(m) = -m**2 - 6*m + 56. What is x(-7)?
49
Let l(n) = -3*n**2 + 46*n - 161. Calculate l(4).
-25
Let g(k) = -2*k**3 + 54*k**2 + 16*k - 430. Determine g(27).
2
Let z(d) = -d**2 + d + 22. Calculate z(6).
-8
Let j(h) = 428*h - 8960. Determine j(21).
28
Let a(s) = s**3 + 58*s**2 - 756*s + 114. Determine a(-69).
-93
Let f(v) = 78*v - 720. What is f(13)?
294
Let f(l) = 2*l**2 - 120*l - 127. Calculate f(61).
-5
Let k(u) = -u**3 + 9*u**2 - 8*u - 27. What is k(9)?
-99
Let n(x) = 129*x + 2431. Calculate n(-20).
-149
Let n(c) = -155*c - 5590. Give n(-36).
-10
Let s(r) = -r**3 - 18*r**2 + 37*r + 260. Give s(-17).
-658
Let a(v) = -2*v**2 + 322*v + 8881. What is a(185)?
1
Let j(n) = 3*n**2 + 14*n + 9. Give j(-3).
-6
Let o(h) = h**2 - 216*h + 10879. Give o(136).
-1
Let v(w) = -8*w - 47. Give v(34).
-319
Let n(h) = -3*h**2 - 36*h + 101. Determine n(-14).
17
Let u(p) = -2*p**2 - 66*p - 53. Calculate u(-32).
11
Let y(o) = -3*o**2 + 61*o - 115. What is y(2)?
-5
Let n(w) = 22*w**2 + 35*w - 7. What is n(-2)?
11
Let c(v) = -4*v**2 + 5*v + 7. Determine c(-1).
-2
Let m(t) = 3*t**2 - 5*t + 20. Calculate m(9).
218
Let w(i) = -33*i**2 + 8616*i - 781. Give w(261).
2
Let l(w) = 2*w**2 + 19*w - 80. Calculate l(6).
106
Let s(j) = 23*j**2 + 111*j + 3. What is s(-2)?
-127
Let i(p) = -p**2 + 12*p + 1731. Calculate i(48).
3
Let b(g) = -4*g + 43. Calculate b(9).
7
Let l(p) = 173*p + 3344. Give l(-19).
57
Let f(w) = w**3 - 3*w**2 + 326*w - 1335. What is f(4)?
-15
Let y(u) = u**3 + 48*u**2 + 3*u + 153. Determine y(-48).
9
Let z(k) = k**3 + 36*k**2 - 75*k + 48. Give z(-38).
10
Let w(s) = -s**3 - 7*s**2 - 21*s - 23. Calculate w(-7).
124
Let n(b) = -57*b - 490. Give n(-9).
23
Let p(i) = 5*i + 40. Determine p(-1).
35
Let x(l) = 4*l + 69. What is x(6)?
93
Let r(m) = 4*m**2 + 50*m + 152. What is r(-8)?
8
Let n(k) = k**3 - 17*k**2 + 33*k - 576. Give n(17).
-15
Let j(h) = h**3 - 7*h**2 + 44*h - 170. Give j(4).
-42
Let z(a) = 90*a - 531. Calculate z(6).
9
Let r(h) = h**3 - 7*h**2 + 6*h - 11. Give r(3).
-29
Let t(o) = -28*o + 409. Determine t(14).
17
Let w(a) = a**3 - 8*a**2 + 178*a - 1682. Give w(9).
1
Let l(h) = 97*h + 1823. What is l(-14)?
465
Let k(v) = v**3 - 38*v**2 + 351*v + 19. Determine k(22).
-3
Let w(c) = 2*c**2 + 4*c - 109. Determine w(-12).
131
Let f(l) = -l**2 - 69*l - 878. Give f(-16).
-30
Let p(n) = n**3 - 6*n**2 - 4*n - 48. Calculate p(7).
-27
Let m(o) = o**3 - 3*o**2 + 67*o - 135. Determine m(2).
-5
Let a(g) = 7756*g + 193897. Determine a(-25).
-3
Let s(d) = -241*d + 1936. What is s(8)?
8
Let o(t) = -t**2 + 8702*t - 104284. Determine o(12).
-4
Let f(t) = -t**3 + 79*t**2 - 156*t + 216. Calculate f(77).
62
Let w(v) = 8*v**2 - 97*v - 4. Give w(14).
206
Let q(j) = -j**3 + 6*j**2 + 517*j - 24. What is q(26)?
-102
Let z(o) = 5*o**2 - 928*o - 3786. What is z(-4)?
6
Let w(t) = -3*t**3 - 2586*t**2 + 28811*t - 18. Determine w(11).
4
Let w(y) = y**2 + 72*y + 1083. Give w(-23).
-44
Let p(z) = -14*z**3 - 2*z**2 + z - 1. Give p(1).
-16
Let v(x) = 31*x - 66. What is v(5)?
89
Let g(v) = -2708*v + 10838. Determine g(4).
6
Let k(v) = -v**3 - 21*v**2 + 21*v + 13. Calculate k(-22).
35
Let m(l) = 21*l**2 - 738*l + 96. What is m(35)?
-9
Let r(s) = 6*s**2 - 56*s - 536. Give r(-6).
16
Let t(o) = 492*o + 15737. What is t(-32)?
-7
Let l(c) = -215*c - 15318. What is l(-71)?
-53
Let q(i) = -4*i - 46. What is q(-11)?
-2
Let i(r) = -r**3 + 4*r**2 + 5*r - 16. Give i(4).
4
Let c(a) = 337*a + 6345. Calculate c(-19).
-58
Let y(d) = -2*d**3 + 58*d**2 + 59*d - 97. Give y(30).
-127
Let k(i) = 4*i**3 + 3*i**2 + 11*i + 15. What is k(-3)?
-99
Let y(p) = -25*p - 1068. Give y(-41).
-43
Let c(s) = -62*s + 48. Determine c(1).
-14
Let m(q) = q**3 - 9*q**2 + 146*q - 1357. What is m(9)?
-43
Let u(k) = -k**3 + 23*k**2 - 5*k - 775. Calculate u(21).
2
Let j(z) = z**3 + 78*z**2 + 207*z - 1389. What is j(-75)?
-39
Let o(a) = 3*a - 143. Determine o(36).
-35
Let m(g) = -g**3 + 39*g**2 + 321*g - 37. What is m(46)?
-83
Let t(a) = a**2 + 612*a + 82608. Give t(-201).
-3
Let o(f) = -4*f**2 - 117*f - 356. Calculate o(-26).
-18
Let p(k) = -k**2 + 237*k + 5966. Give p(-23).
-14
Let t(z) = 15*z**3 + 3*z**2. Give t(-2).
-108
Let j(k) = 40*k**2 + 3944*k + 3944. Give j(-1).
40
Let n(x) = -145*x + 1076. Give n(13).
-809
Let g(m) = -100*m**2 + 101*m + 199. Determine g(-2).
-403
Let q(k) = -k**3 + 2*k**2 + 47*k + 18. Calculate q(8).
10
Let s(p) = 9*p**2 + 2197*p + 4601. What is s(-242)?
3
Let w(n) = n**3 + 38*n**2 + 39*n + 105. Give w(-37).
31
Let o(k) = -712*k - 4264. Calculate o(-6).
8
Let b(k) = 78*k - 25. Give b(1).
53
Let c(v) = 20*v + 41. Give c(-3).
-19
Let y(d) = 5*d**3 - 4*d**2 - 4*d + 18. What is y(2)?
34
Let w(v) = -4*v**2 - 50*v - 139. Calculate w(-5).
11
Let g(t) = -36*t - 396. Give g(-11).
0
Let g(s) = -3*s**2 + 155*s + 1028. Calculate g(-6).
-10
Let x(r) = -r**3 - 23*r**2 - 130*r - 95. Calculate x(-14).
-39
Let v(l) = l**3 + 26*l**2 - 225*l - 3161. Give v(-30).
-11
Let h(j) = -4*j**2 - 72*j - 18. Calculate h(-18).
-18
Let c(l) = -l**3 + 48*l**2 + 259*l - 7944. Give c(50).
6
Let j(u) = u**2 + 137*u + 3492. Determine j(-32).
132
Let h(g) = g**3 - 20*g**2 + 37*g - 737. What is h(20)?
3
Let j(p) = 13*p - 706. Calculate j(48).
-82
Let h(s) = -s**3 + 40*s**2 - 49*s - 971. What is h(38)?
55
Let v(r) = -r**2 - 16*r + 32. What is v(-14)?
60
Let t(u) = u**3 - 38*u**2 - 22*u + 1290. What is t(6)?
6
Let u(a) = -44*a + 690. Determine u(10).
250
Let o(k) = 1001*k + 19026. Determine o(-19).
7
Let s(o) = -o**3 - 4*o**2 - 13*o - 28. Give s(-3).
2
Let q(z) = -z**3 + 80*z**2 + 334*z + 220. Calculate q(84).
52
Let k(d) = 14955*d + 44865. What is k(-3)?
0
Let x(b) = b**3 - 9*b**2 - b + 283. Determine x(0).
283
Let q(d) = 2*d**3 + 15*d**2 + 18*d - 30. Give q(-5).
5
Let a(o) = 1946*o + 8. Give a(0).
8
Let s(x) = -x**3 + 17*x**2 + 104*x + 7. Give s(22).
-125
Let m(l) = -l**2 + 24*l - 240. Calculate m(20).
-160
Let v(z) = z**2 + 20*z - 23. Determine v(-25).
102
Let q(z) = z**2 - 197*z + 1695. Calculate q(9).
3
Let q(t) = -t - 73. Give q(-13).
-60
Let r(l) = 3*l**2 - 99*l - 1331. Give r(-12).
289
Let s(m) = -m**2 + 13*m + 2119. What is s(-40)?
-1
Let r(d) = -22*d - 228. Determine r(-13).
58
Let a(r) = -2*r**3 - 22*r**2 + 7*r - 136. Determine a(-12).
68
Let t(h) = -3*h**2 - 238*h + 414. What is t(-81)?
9
Let n(b) = -6*b**2 + 17*b - 2. Give n(4).
-30
Let u(a) = 2*a**3 + 26*a**2 - 35*a + 10. Determine u(-15).
-365
Let a(x) = -40*x + 96. Calculate a(-2).
176
Let l(f) = -f**2 + 38*f - 309. Determine l(14).
27
Let j(c) = -37*c - 288. What is j(-8)?
8
Let v(x) = -8*x**3 - 121*x**2 - 18*x - 23. Determine v(-15).
22
Let b(w) = w**3 - 33*w**2 + 21*w - 212. Calculate b(33).
481
Let a(v) = 2*v**3 + 102*v**2 + 547*v + 386. Determine a(-45).
71
Let l(q) = -59*q + 242. Determine l(-5).
537
Let g(t) = -